er when a(-4) is divided by (7 - (-4)/4) + -2?
4
Let o = 105 + -43. What is the remainder when o is divided by (14/(-4))/(-7)*42?
20
What is the remainder when (-1 + -35)*(-12)/16 is divided by 15?
12
Let u(w) = -w**3 - 20*w**2 + 12*w + 26. Calculate the remainder when u(-21) is divided by 31.
29
Let v(h) = h**2 - 4*h + 6. Calculate the remainder when 15 is divided by v(4).
3
Suppose -5*c - 5*r = -25, 5*c - 5*r - 99 = -24. Calculate the remainder when ((-168)/(-32))/((-6)/(-32)) is divided by c.
8
Suppose -2*q + 5 = j, 2 = q + q. Let b(t) = 2*t**3 - 2*t**2 + 4*t - 1. Calculate the remainder when b(j) is divided by 12.
11
Suppose 4*d = o - 36, -5*o + 142 = -2*d + d. Calculate the remainder when 110 is divided by o.
26
Let s(p) = -p + 1. Suppose 2*x - 56 = 4*u - 3*x, 2 = -2*u - 4*x. Calculate the remainder when 19*-2*3/(-6) is divided by s(u).
9
Suppose -3*g + 2*x + 28 = 0, 0 = 5*x + 6 + 4. Suppose -2*c = 8, -3*c = 5*v - g*c - 35. Calculate the remainder when v is divided by 2.
1
Let i(w) = 3*w**2 - w - 6. What is the remainder when 46 is divided by i(-3)?
22
Suppose -v = 4*v - 40. Suppose f = -2*s - 25, 3*f = 4*s + 4*f + 53. Calculate the remainder when 4/14 + (-304)/s is divided by v.
6
Suppose -4*z = -o + 127, 3*o + 2*z - 326 + 1 = 0. Suppose -5*k = -t - t - o, 3*k + 4*t = 77. Calculate the remainder when k is divided by 8.
7
Suppose 0 = k - 3*k - 6. Let d = k - -6. What is the remainder when ((-3)/4 + (-69)/(-12))*1 is divided by d?
2
Let q(p) = -p**2 + 12*p - 7. What is the remainder when 35 is divided by q(10)?
9
Suppose 0 = -4*d + 12 + 24. What is the remainder when (6 - 0)/((-5)/(-20)) is divided by d?
6
Suppose 0 = -15*r + 10*r + 610. Calculate the remainder when r is divided by 25.
22
Suppose 13*i - 15 - 999 = 0. What is the remainder when i is divided by 17?
10
Let n(z) = 0 - 1 + z + 2*z**2 + 0*z**2. Suppose 0 = -2*d + 4. What is the remainder when 26 is divided by n(d)?
8
Let j(w) = -w + 54. What is the remainder when j(0) is divided by 11?
10
Let l(h) = -h**2 + h + 12. Suppose 0*z = 2*z. Calculate the remainder when 35 is divided by l(z).
11
What is the remainder when 42 is divided by -2*(21/(-6) + -1)?
6
Let x = -45 + 73. Calculate the remainder when x is divided by 5.
3
Let r(m) = 3*m**3 + 4*m**2 - 3*m. Calculate the remainder when 135 is divided by r(2).
33
Let p = -3 - -10. Suppose 0 = f - 5*f + 52. Calculate the remainder when f is divided by p.
6
Let q = -99 + 111. Suppose -t = -w + 4*t + 3, 3*t = 5*w + 29. Let r = q + w. What is the remainder when r is divided by 4?
1
Let x(n) = 4*n - 3. Let q be x(3). Calculate the remainder when 34 is divided by ((-6)/q)/(6/(-81)).
7
Suppose -4*n + 16 = -0*n, 0 = -4*j - 4*n + 92. What is the remainder when 55 is divided by j?
17
Suppose 0 = -4*m + 4*b + 8, -3*m = -4*b + 2 - 7. What is the remainder when 47 is divided by 17 - m/6*2?
15
Let u(m) = -m**3 + 5*m**2 + 2*m - 5. Let k be u(5). Let q be 2/4 + 213/6. Suppose -k*p = -q - 34. What is the remainder when p is divided by 8?
6
Let a = 8 + 1. Suppose 0 = 5*v - a*v + 36. What is the remainder when 33 is divided by v?
6
Suppose -4*f + 0*f = 2*l - 10, 2*l - 37 = 5*f. Calculate the remainder when l is divided by 3.
2
Suppose 99 - 127 = -y. What is the remainder when 249 is divided by y?
25
Let r(w) = 3*w**2 - 5*w + 2. Suppose 12 = -4*a + 8*a. What is the remainder when r(a) is divided by 8?
6
Let l(c) = c**3 + 5*c**2 - 4*c - 4. Suppose d = -1 - 1. Let t = d - 3. What is the remainder when l(t) is divided by 9?
7
Let h(s) = 3*s**2 + 2*s. What is the remainder when 61 is divided by h(-3)?
19
Let x = -6 + 9. Suppose 3*t = t + 32. Suppose 4*u - t + 0 = -4*v, 5*u - 5*v = 50. What is the remainder when u is divided by x?
1
What is the remainder when 153 is divided by 12/24 - (-61)/2?
29
Let u(r) = 106*r**3 - r + 1. Let v be u(1). Suppose -3*c - 3*y + 5*y = -v, -3*y + 17 = c. Calculate the remainder when c is divided by 17.
15
Let a = -25 - -47. Calculate the remainder when 175 is divided by a.
21
Suppose -5*k = -3*k - 6. Suppose -5*t + 102 = -3*a, 3*t - k*a + 45 = 5*t. Suppose 0 = -o + 3*o - 122. What is the remainder when o is divided by t?
19
Suppose 2*s = -4*t + 10, 0*t = -2*s - 2*t + 8. Suppose 1 - s = -i. What is the remainder when i is divided by 2?
0
Let l(k) = 2*k - 2. Let i = -19 + 28. What is the remainder when l(i) is divided by 9?
7
Let k = -5 + 16. Let p(z) = -2*z - 6. Let d be p(-4). What is the remainder when (-22 + -1 + d)/(-1) is divided by k?
10
Suppose -4*i - 14 - 28 = -2*n, -5*n + 17 = i. Let j = i - -9. Calculate the remainder when 2 is divided by j.
0
Suppose 0 = -3*s + 4*z + 93, 3*s + 5*z = -s + 93. Let n = -25 + 35. Calculate the remainder when s is divided by n.
7
Let i = 3 + 0. Suppose -2*l = -2*q - 4*l + 36, -i*l = 4*q - 69. Calculate the remainder when 41 is divided by q.
11
Suppose 0 = -y - 4*o, 0 = y - 0*o + 2*o + 2. Let r(a) = 8*a + 1. What is the remainder when (y/(-4))/(2/32) is divided by r(1)?
7
Calculate the remainder when -4 - ((-168)/4)/1 is divided by 8.
6
Suppose 2*h = -4*c + 3*h - 19, h = c + 4. What is the remainder when 63 is divided by 2/2 - (c + -10)?
15
Suppose -10*k + 16 = -6*k. What is the remainder when 17 is divided by k?
1
Let n = -8 + 8. Let r be 2/(-4)*(-4 - n). Let u = r - -4. What is the remainder when 11 is divided by u?
5
Suppose 6*p - 20 - 58 = 0. Calculate the remainder when 64 is divided by p.
12
What is the remainder when 250/((-8)/(-4)*1) is divided by 32?
29
Let b(h) = -h**3 - 2*h**2 + 5*h - 1. Let u be b(-4). Let y = -4 + u. What is the remainder when (2/(-6))/(28/(-2268)) is divided by y?
6
Let l = -49 - -65. What is the remainder when 95 is divided by l?
15
Let z(s) = -s**2 - 6*s - 2. Let j be 0 + -18*(-8)/12. Calculate the remainder when z(-4) is divided by ((-12)/8)/((-9)/j).
0
Let g(d) = d + 13. Let c be g(-6). Suppose 3*h - 11 - c = -3*u, -4*u = -h - 49. Suppose -3*p = -4*p + 21. Calculate the remainder when p is divided by u.
10
Suppose -5*u = -3*i + 20, -u = 3*i - 15 + 1. Suppose -80 = -10*k + i*k. What is the remainder when 61 is divided by k?
13
Suppose -l + 4 = 3*l. Let h = 3 - l. Calculate the remainder when 2 is divided by h.
0
Suppose 5*g + 3*q = g, -g - 4*q = 13. What is the remainder when 13 is divided by g?
1
Let a(i) = -3*i**3 - 2*i**2 + 3*i + 3. Let m(s) = s**3 - 6*s**2 + 11*s - 17. Calculate the remainder when m(6) is divided by a(-2).
10
Let d(p) = p**3 + 15*p**2 - 2*p - 17. What is the remainder when d(-15) is divided by 7?
6
Let b = 7 + -2. Suppose -2*n = -3*p - 59 - 76, -3*n + 219 = p. Suppose 2*j + n = 5*u + j, -2*u - 3*j + 22 = 0. Calculate the remainder when u is divided by b.
4
Let n(u) = 2*u**2 - 3*u + 2. Calculate the remainder when 19 is divided by n(3).
8
Calculate the remainder when 15 is divided by (-6)/(3 + -1)*(-8)/6.
3
Let h = -33 - -67. Let y = -31 - -43. Calculate the remainder when h is divided by y.
10
Let x(s) = -5*s**3 + 4*s**3 + 7*s - 3*s**2 + 4 + 7*s**2. What is the remainder when 26 is divided by x(5)?
12
Suppose 0*n = 5*n - 10. Suppose -12 = -5*r - o, 0 = -3*r - o + 2 + 4. Calculate the remainder when r is divided by n.
1
Let k = 1 - -9. Suppose 2*f = 5*m + 91, 3*f + 2*f + 4*m - 178 = 0. Calculate the remainder when f is divided by k.
8
Let m be (-21)/(-2)*24/18. Suppose -41 - m = -5*w. Let b(j) = -j**2 + 31. Calculate the remainder when b(0) is divided by w.
9
Suppose -3*z = -2*z - 5. Suppose -2*b - 29 = -t - 6, 0 = z*t + 3*b - 89. Calculate the remainder when 56 is divided by t.
18
Suppose -2*q - 26 = -4*q. Calculate the remainder when 24 is divided by q.
11
Let w = -1 - -3. Suppose -h - 2 = -2*n, 0*h + w*n = 2*h + 6. What is the remainder when 11 is divided by (10 - 2)/(h/(-2))?
3
Suppose -4*x + 14 = o, -o + 4*x + 14 = 5*x. Calculate the remainder when 10/35 + 234/o is divided by 10.
7
Let a = -99 + 117. What is the remainder when 33 is divided by a?
15
Suppose -2*z = -d + 31, 5*z - 17 = -5*d + 63. What is the remainder when 124 is divided by d?
19
Suppose -15 + 69 = 5*a - 3*s, 0 = 3*s - 6. Let t be (-15)/20 - 58/8. Let b(r) = -r**3 - 7*r**2 + 3*r - 6. What is the remainder when b(t) is divided by a?
10
Let k = 32 + -16. Suppose -2*j - k = 2*j - b, 3*j + 5*b = 11. Calculate the remainder when 4/((-4)/j) - -45 is divided by 17.
14
Sup